- (-6)/21. Suppose -5*o + a = 4*a - 17, -3*o = -k*a + 17. Let j = o - -18. Is j prime?
True
Suppose -5*g - 1815 = -5*s + 1975, s - 743 = 4*g. Is s prime?
False
Suppose 4*i - 15300 = -852. Is 11/(33/i) - 3 prime?
True
Suppose 5*l = v + 3*v - 70, -2*v = -2*l - 30. Let x(t) = -28*t - 17. Is x(l) a composite number?
False
Suppose m - 5432 = -1129. Is m a prime number?
False
Let p = 0 + 0. Suppose p = 4*f + 12, -3*k + 170 = -3*f - 40. Suppose i - k = 134. Is i composite?
True
Let j = 1809 + -1239. Let b = 61 + j. Is b prime?
True
Let v(y) = -y**3 - 2*y**2 + 1. Let t = -12 - -17. Let o be v(t). Let c = 301 + o. Is c a prime number?
True
Suppose -3*z = l + 4 - 10, 0 = -5*l - z + 2. Suppose l*c - 1418 = -2*c. Is c a prime number?
True
Suppose -3*n = -5 - 1. Suppose -877 = n*l - 3*l. Is l a composite number?
False
Suppose 3*t + 8*t = 5225. Let g(j) = j**2 + 2*j - 3. Let d be g(2). Suppose -i + 5*n = -95, d*i - 6*n = -n + t. Is i composite?
True
Let s(y) = 89*y - 4. Let g be s(1). Let l = 296 - g. Is l a composite number?
False
Suppose 0 = 3*y + 29 + 7. Let d = y + 17. Suppose d*z - 396 - 259 = 0. Is z prime?
True
Let s = -5 + 2. Let n be (-3)/(s + 1341/444). Let q = -59 - n. Is q a prime number?
True
Let n(m) be the second derivative of 86*m**3/3 - 11*m**2/2 + m. Is n(12) composite?
False
Let p(f) be the second derivative of 29*f**3/6 - 19*f**2/2 - 5*f. Let t be p(13). Is (t/10)/(7/35) a prime number?
True
Suppose 0 = 3*p - 4*f - 230 - 1259, 2*p - 1016 = -2*f. Suppose 11*m + 5216 = -5*m. Let c = m + p. Is c a composite number?
True
Let o be 2 + (-1)/((-1)/3). Let r be (82/(-8))/((3 - -2)/(-160)). Suppose -2*k - 2*k - p = -344, o*p - r = -4*k. Is k a prime number?
False
Let n = 1059 + -720. Is n composite?
True
Let p(g) = 18*g**2 + 19*g + 26. Is p(9) a prime number?
False
Suppose -4*n = -4*o + n + 76749, -2*o + 2*n + 38372 = 0. Is o prime?
True
Suppose 7*k - 11*k + 12 = 0. Suppose 758 + 1607 = k*d + 2*s, 1568 = 2*d - 3*s. Is d a composite number?
False
Let y be 1*(1 + -2)*-5. Suppose -y*o - 2 = -32. Is 5/((-15)/o) + 41 composite?
True
Let y(s) = 52*s + 39. Suppose -4*i = 2*w - 20, 0*w + 16 = w - i. Is y(w) a composite number?
True
Suppose -4*l = -18 + 6. Suppose -l*s - 411 + 1594 = -2*t, -2*s - t = -777. Is s a composite number?
True
Suppose 3*t - 3*g = -t, -5*g = 4*t - 32. Is (-3)/((-1)/853*t) a composite number?
False
Let a be 210/9 + 3/(-9). Let g be (-3)/(6/(-14))*a. Let h = -34 + g. Is h a prime number?
True
Suppose -2*n + 3*i + 6 = n, 5*i + 13 = 4*n. Is 3/((-4)/(-4)) + 3787 - n a composite number?
False
Suppose 0 = -4*o + 2*p + 8, -2*o - 10 = 2*p - 2. Suppose o*c + 2*c = 1174. Is c prime?
True
Let c(g) = 57*g + 16. Let k(h) = -28*h - 8. Let r(m) = -3*c(m) - 7*k(m). Is r(5) prime?
False
Let o be (-2)/(2/(-4)*1). Suppose 0 = -o*y - 13 - 7, q = 4*y + 649. Is q a prime number?
False
Let r(x) = 2740*x**2 - 64*x - 353. Is r(-5) composite?
True
Suppose 675746 = -98*t + 4660328. Is t a prime number?
False
Let j = 4425 - 638. Is j composite?
True
Let b(p) = -9*p + 36. Let z be b(12). Let a = z - -599. Is a prime?
False
Let m(t) = 15*t**2 - 2*t - 1. Let r(a) = a**3 - 12*a**2 + 12*a - 10. Let w be r(11). Let i be w/1*2 - 0. Is m(i) prime?
False
Let b(t) = 4*t**2 + t - 1. Let m = 7 + -6. Let p be b(m). Suppose 0 = -2*o + 3*o - p*v - 141, 147 = o - v. Is o a prime number?
True
Let u be (-4)/6 + 16/24. Suppose -5*f - 3*l - 7 = -17, -2*f + 3*l + 4 = u. Suppose -4 = -f*y, 0 = -v - 4*v + 3*y + 419. Is v composite?
True
Let x(i) = 3*i - 42. Let q be x(18). Let k(m) = 22*m + 29. Is k(q) a composite number?
False
Let s(f) = -f**2 + 6*f - 3. Let u be s(5). Suppose 4*b = -4*t + 640, 4*b - 638 = -u*t - 0*t. Suppose -b = -2*j - j. Is j a prime number?
True
Let g(s) = -2286*s - 16 + 20 + 633*s. Is g(-1) composite?
False
Let k be (-216)/(-117) - (-2)/13. Suppose -5*v + k*s + 5819 = 0, -4347 = -5*v + 3*s + 1474. Is v a prime number?
True
Let t = 1163 + -342. Is t a prime number?
True
Let j = -14 + 30. Let l be (j/(-12))/(1/(-3)). Is l*2/(-4) + 12 prime?
False
Let a be 6 - (1 - (2 + 2)). Suppose -a*z + 13*z = 0. Suppose -t - 3*t = -5*d + 797, 3*d + t - 468 = z. Is d prime?
True
Let a(z) = 3*z**3 - 2*z**2 + 3*z + 3 - 3*z**3 - z**3. Let v be a(3). Is (-3801)/v - 4/22 a composite number?
True
Is ((-1)/(-3))/((-19)/(-1625241)) composite?
False
Let g(w) = -196*w**3 - w**2 - 4*w - 4. Let r be g(-1). Let z = r - -56. Is z composite?
False
Suppose g + 5*t = 7197, t - 36081 = 7*g - 12*g. Is g a prime number?
False
Let b(a) = a**3 + 12*a**2 - 11*a + 12. Let r be b(-13). Let i = -2 + r. Is (-11711)/(-56) + 2/i a prime number?
False
Let y(g) = -11*g**3 + 8*g**2 + 13*g - 5. Is y(-6) a prime number?
False
Let v be ((-2)/(-4))/((-2)/21416). Is v/(-8) + 11/(-44) a composite number?
True
Is (-804)/(-7) - 5/(-35) prime?
False
Suppose z + 2*z = 6. Suppose -b + 6*b = q + 3151, z*b = 5*q + 1242. Is b prime?
True
Suppose 0 = -2*o - 5*b - 84, -13 = 4*o + 3*b + 155. Is o/(-28)*(-3052)/(-6) a composite number?
True
Let u be 1*-2 + 19 + -12. Suppose -5*h + 2*h + 3*f = 63, u*h + f + 135 = 0. Let x = h + 85. Is x prime?
True
Suppose 38203 = 15*o - 221912. Is o composite?
False
Suppose -6 = -4*w + 2*w. Let o(u) = 2*u**3 - 9*u**2 + 9*u + 5. Let r be o(6). Suppose -2*g = w*k - r, -2*g - 3 = -5*g. Is k a composite number?
True
Let j be -3 - (-105)/(25/(-5)). Let p = 24 + j. Suppose -5*a + 495 + 295 = p. Is a a prime number?
False
Let p(b) be the third derivative of b**7/840 + b**6/720 + b**5/10 - 6*b**2. Let x(j) be the third derivative of p(j). Is x(5) a composite number?
False
Let c = 489 - 324. Suppose -4*u = u - 25, c = l - 4*u. Is l prime?
False
Let s(m) be the third derivative of m**6/20 + m**5/40 - m**4/6 - m**3/6 - 4*m**2. Let q(k) be the first derivative of s(k). Is q(-3) composite?
False
Suppose 3*x + l - 1111 = 0, -5*x - 377 = -6*x + 3*l. Is x a prime number?
False
Is (-14 - -3 - -10)*-10711 prime?
True
Let h = 7027 + -3180. Is h composite?
False
Let v(u) = 3*u - 6. Let r be v(3). Suppose -r*n + 0*i + 547 = 2*i, 4*i = 20. Is n composite?
False
Suppose -5*r = 2418 + 1962. Let j = -583 - r. Is j composite?
False
Suppose 17*w = -11*w + 233324. Is w a prime number?
False
Suppose 0 = 2*h - h - 3. Suppose -h*c + 3 - 2 = 2*k, 5*k = -4*c + 6. Suppose 3*g - a - 2233 = 0, 3*g - 3729 = -2*g - k*a. Is g prime?
False
Let i(b) = 4. Let o(j) = j - 5. Let c(y) = -6*i(y) - 4*o(y). Let n be c(-2). Suppose -9*r = -n*r - 4255. Is r prime?
False
Let x = 8328 + 8941. Is x composite?
True
Suppose -5*c - 309 = -5164. Suppose -2*i - c = -4045. Is i a prime number?
False
Let w(t) = 3*t**3 + 2*t**2 + 3*t + 4. Let q be w(-2). Is 1*4/q + 14134/18 a prime number?
False
Suppose 0 = -m + 2*r + 8001, 4*m + r - 50097 = -18057. Is m a prime number?
True
Suppose w = 4*h - 11, -5*h + w = -9 - 4. Suppose 8*q - 6*q = -h. Is 1 - -226 - (5 + q) a prime number?
True
Let n(z) = 13323*z**2 + 11*z + 11. Is n(-1) a prime number?
False
Let v = 26951 - 7713. Is v prime?
False
Let z(g) be the third derivative of -1/4*g**4 + 0 + g**2 + 49/6*g**3 + 0*g. Is z(-20) composite?
True
Let p(o) = -3*o**3 - 8*o**2 - 5*o + 5. Let l be p(-8). Suppose 3*k - 5 = 4, 5*i = -3*k + l. Suppose i = -2*d + 4*d. Is d prime?
False
Suppose 20*m = 66*m - 2528666. Is m prime?
False
Let o = 700 - -517. Suppose -5*m - 121 = -2*w + o, 3*w + 2*m = 2045. Is w a prime number?
False
Suppose -60697 = -9*y + 76490. Suppose y = 7*c + 3644. Is c a composite number?
False
Suppose 2*i - 1850 = -2*v, 32 - 12 = -4*i. Suppose -1715 = 3*f - 98. Let w = v + f. Is w prime?
False
Suppose 4*j = -3*w - 24, -27 = w + 2*w + 5*j. Let z(q) = 15*q**2 + 6*q + 10. Is z(w) composite?
True
Let u(w) = w**3 - w - 2. Let k be u(0). Let v be (1 - (k + 3))/1. Is 46/(-3)*(v + -3) a prime number?
False
Let z = 12681 + -4534. Is z a composite number?
False
Suppose -6*q + 2360 = 2*q. Is q a composite number?
True
Suppose -9*f = -2*f - 4*f. Suppose -a - 6*d + 2*d + 779 = f, -3*a + 2357 = 2*d. Is a a prime number?
True
Let j = 6429 - 2591. Suppose 0 = -3*f - 3*c + 1337 + j, -c = -3*f + 5155. Suppose -2*a - 1033 = -5*a + 2*g, -5*a + f = -3*g. Is a composite?
True
Let b be ((-8)/(-10))/(15/150). Suppose b*p - 408 = -0*p. Is p prime?
False
Let g(z) = z + 10*z**2 - 6*z**2 - 3*z**2 + 877. Is g(0) a composite n